he units digit of x?
4
Suppose 2*a - 5*v - 468 - 1116 = 0, -a - v = -778. Let x = a + -223. What is the tens digit of x?
5
Suppose 0 = 2*m + 3*v - 3731, 3*v + v = -m + 1868. Suppose 5*d + m = 13*d. What is the tens digit of d?
3
Let z be (-7)/(7/8)*1. Let p be 6 + (4 - z)/(-4). What is the units digit of (p + 14/(-6))*6?
4
Suppose -1247*m = -1256*m + 547047. What is the hundreds digit of m?
7
Suppose -2*f + 4*s = f + 225, -5*s = 0. Let g = f + 158. Suppose 16*j = 15*j + g. What is the tens digit of j?
8
Suppose 2*k + 5*j = -2*k + 1146, 3*k + j = 854. Suppose -q - 34 = -k. Let z = 379 - q. What is the tens digit of z?
2
Let l(d) = 5*d**2 - 33*d + 447. What is the thousands digit of l(30)?
3
Let z be -1 + (-2)/(-2) - (-536)/(-2). Let k be 15/5*z/4. Let c = k + 425. What is the hundreds digit of c?
2
Suppose -7*b + 10*b - l = -3572, 4*l = 4*b + 4760. Let o = 2013 + b. What is the units digit of o?
2
Let s(v) = 40*v**2 + 359*v - 3. Let i be s(-9). Let k(q) = 4*q + 47. Let m(b) = -b + 1. Let j(a) = k(a) + 5*m(a). What is the units digit of j(i)?
6
Suppose 51 = 3*l + 4*y, 4*y = 3*l - l - 34. Suppose 5*v - l*v + 3336 = 0. What is the units digit of v?
8
Suppose 17*f = -35*f + 32475 + 487629. What is the thousands digit of f?
0
Suppose -4108 = 323*q - 319*q. What is the hundreds digit of (-6)/2 + (-1)/(-1) - q?
0
Let f(n) = -4*n + 41. Let k be f(15). Let l(i) = i**3 + 20*i**2 - 3*i - 3. Let a be l(k). Let y = a - 292. What is the hundreds digit of y?
1
Let z(x) = 518*x**2 + 80*x - 104. What is the thousands digit of z(-6)?
8
Let j(h) = h**3 + 9*h - 5. Let b be j(4). Suppose 3*g - 4*g + 4*q + 38 = 0, -5*g + q = -b. Suppose 4*y - 6 = g. What is the units digit of y?
6
Let v(u) = 2*u**3 + 100*u**2 + 31*u - 731. What is the hundreds digit of v(-45)?
1
Let d = -237 + 301. What is the units digit of (2 - (0 + -1))*d/6?
2
Suppose o - 3*g - 3658 = 0, 2*o - 56*g = -60*g + 7336. Suppose 8*f + 200 = o. What is the tens digit of f?
3
Let y(l) = 4*l - 3618 - 2*l + 3628. Let c be y(-7). What is the tens digit of 288 + -2*(3 + c)?
9
Let c be (0 - -3) + (-1584)/(-11). Suppose 4*r - 3 = r, w + 2*r - c = 0. What is the tens digit of w?
4
Let n = 203 + -179. Let f(b) = -b**3 + 23*b**2 + 33*b + 12. What is the tens digit of f(n)?
2
Suppose -144*w = -135*w - 13752. What is the hundreds digit of w?
5
Let w be ((-22)/(-4) + -3 + -3)*0. Suppose w = -20*c + 531 + 5109. Suppose -5*r + 852 - c = 0. What is the units digit of r?
4
Let i(t) = 418*t - 59. What is the thousands digit of i(3)?
1
Let x be 3/3 - 2863/(-7). Let g = x - 107. What is the hundreds digit of g?
3
Let x(s) = s**3 - 9*s**2 - 9*s - 16. Let m be x(14). Let j = -262 + m. Suppose -4*k + k + 9 = 0, -5*i + j = -3*k. What is the units digit of i?
7
Let j be (-36)/(-8)*(-8)/6. Let c(x) = x**2 + 3*x - 16. Let h be c(j). Suppose -2*g + 2*z - 34 + 146 = 0, 3*g = -h*z + 148. What is the tens digit of g?
5
Let k(n) = 3*n + 48. Let o(d) be the first derivative of 3*d**2/2 + 12*d + 21. Let g be o(-4). What is the units digit of k(g)?
8
Let j = -28 - -11. Let w(q) = 2*q**2 + 11*q + 19. What is the units digit of w(j)?
0
Let j = -146 + 146. Suppose j = -2*o + 5*z + 803, o - 2*z = -2*o + 1177. What is the units digit of o?
9
Let b(r) = -r**2 + 10*r - 9. Let l be b(9). What is the units digit of (-1 + 369 - (-7 - -5)) + l?
0
Suppose g = -2*g - 16*g + 209646. What is the tens digit of g?
3
Suppose -2*z + 18 = 4*q, -2*z - q + 15 = -15. Suppose -z + 20 = l. Suppose -5*p = 10, -l*g + 86 = -p - 3. What is the tens digit of g?
2
Suppose 2*k - 10706 = -3*k + n, -2*k + 4287 = -5*n. Suppose -597 = -i + 5*b, -b + k - 430 = 3*i. What is the hundreds digit of i?
5
Let q = -21556 - -53706. What is the thousands digit of q?
2
Let g = 133 + -123. Suppose -5169 = -g*m - 1149. What is the hundreds digit of m?
4
What is the tens digit of 384/11904 - (-2303795)/31?
1
Let x = -134 + 137. What is the hundreds digit of 895/6 + x/(-18)?
1
Let q = -123 - -126. Suppose -3*p = q*l - 4*p + 253, -l - 2*p = 75. Let a = l + 115. What is the tens digit of a?
3
Let k(d) = -6*d**2 + 9*d + 23. Let x be k(-7). Let z = -240 - x. What is the tens digit of z?
9
Let c(h) = 2*h + 6. Let s be c(11). Let m = -3 - s. What is the tens digit of 3 - 0 - (-2 + m)?
3
Suppose -12*k = -3*k - 36. Suppose -2*u + 1952 = k*t, -7 = -4*u + 1. What is the tens digit of t?
8
Let c = 32 - 33. Let y be (5 - 1) + -3*(c - -3). What is the units digit of 7*(-27 + 5)/y?
7
Let d = 26 + 100. Suppose -4*n + 5*n + w + 58 = 0, n + 4*w + 43 = 0. Let y = d + n. What is the units digit of y?
3
Suppose -8*g - 55755 = 3*m - 155384, 4*m = -3*g + 132808. What is the tens digit of m?
9
Suppose -4*m = -911 - 3077. Let v = m + -501. What is the hundreds digit of v?
4
Suppose 1077395 - 318131 = 11*g + g. What is the ten thousands digit of g?
6
Let o(z) = -5*z + 22. Let w be o(5). Let r be 54/9 - (-2 + -1)/w. What is the units digit of 26 - ((-10)/r - 3)?
1
Let g be 84/(-210) + 2064/10. Let r = g - 14. What is the tens digit of r?
9
Let w(z) = -248*z**3 - 3*z**2 + 2. Let q be w(-1). Suppose 2*x = q + 831. What is the hundreds digit of x?
5
Let w(l) = -1703*l - 1619. What is the hundreds digit of w(-20)?
4
Let w(y) = -44*y - 2. Suppose -12*t + 325 + 359 = 0. Let x = -61 + t. What is the hundreds digit of w(x)?
1
Suppose -352 = -4*c - 0*c. Let u = -88 + c. Suppose 4*q - 599 = 3*h, u = 3*h + 2*h + 5. What is the hundreds digit of q?
1
Let n = 108 - -7. Suppose n = w - 202. What is the units digit of w?
7
Let f = 13908 - 1742. What is the tens digit of f?
6
Let n = -12675 + 21954. What is the hundreds digit of n?
2
Let b(t) = -11*t + 87 - 2*t - 2*t + 16*t. What is the units digit of b(9)?
6
What is the hundreds digit of (-3)/(-8) - 15/120*-19125?
3
Let q be 4/8 + (-35)/10. Let v be (q - 2)/5*-3. Suppose 60 = h + 2*h + v*g, 0 = -2*h + g + 43. What is the units digit of h?
1
Let c(d) = d**2 + 48*d + 797. What is the units digit of c(-91)?
0
Suppose 176 = -7*q + 869. Suppose -q*x = -108*x + 666. What is the units digit of x?
4
Let c(a) be the first derivative of -17*a**3/6 - 23*a**2/2 - 22*a - 18. Let o(s) be the first derivative of c(s). What is the tens digit of o(-11)?
6
Let x(l) = l**3 - 25*l**2 + l - 25. Let s = 103 - 78. Let k be x(s). Suppose 6*g - 10*g + 948 = k. What is the units digit of g?
7
What is the tens digit of (-10)/(-8) - (-65791)/44*7?
6
Let h = 124002 - 72806. What is the ten thousands digit of h?
5
Suppose o = -5*d - 0*d + 2854, 0 = d - 3*o - 574. Let x = 464 + 61. Suppose -4*t + x = -d. What is the units digit of t?
4
Let w(u) = -2*u + 58 - 78 + 9*u. Let a be w(4). Suppose -a*q + 96 = -7*q. What is the units digit of q?
6
Suppose -j - 543 = -121. Let c = j + 1329. Suppose 61 = -9*t + c. What is the units digit of t?
4
Suppose 0 = 24*t - 152301 - 23547. What is the hundreds digit of t?
3
Let o(l) = 174*l**2 + 106*l - 16. What is the units digit of o(6)?
4
Suppose -4*z = -5*f + 139341, -55718 = -12*f + 10*f - 3*z. What is the thousands digit of f?
7
Let z = 8821 - 4198. What is the units digit of z?
3
Suppose 12 = 4*i, 0*f - i + 1533 = f. Let y = 2367 - f. Suppose -g + 3*r + 133 = 0, 5*g = 2*r + y - 224. What is the units digit of g?
1
Suppose 112*k - 78589 = 3*k. What is the hundreds digit of k?
7
What is the tens digit of (668/60 - (-14)/(-105)) + 39542?
5
Suppose 262 = 2*d - 174. Let b = d + 312. What is the tens digit of b?
3
Let d = -2 - -53. Suppose -3*s = -4*l - 467, -d = -3*l + s - 395. Let i = l + 188. What is the tens digit of i?
7
Let n be 3/(30/4)*(-62 + 47). What is the hundreds digit of (-14895)/(-55) - -4 - n/33?
2
Suppose 11055 = 4*r - 3237. What is the thousands digit of r?
3
Let p be ((-2)/(-2))/((-5)/10). Let o be 144/28 - (-2)/(-14). What is the tens digit of (410/o - 0) + p?
8
Suppose -t + 6*t - 20 = 0. Suppose -t*p = -23*o + 27*o - 3788, 0 = -2*o - p + 1897. What is the hundreds digit of o?
9
Suppose -h - 3*h = 0. Let u be -2*12*8/(-64). Suppose 4*f - 5*j - 63 = h, -f + u*j + 33 = f. What is the units digit of f?
2
Suppose 5*t - d = 64021, 3*t - d + 6*d - 38379 = 0. What is the units digit of t?
3
What is the tens digit of 20/6*(-103416)/(-40)?
1
Suppose -96*g = -51*g + 67091 - 819896. What is the units digit of g?
9
What is the thousands digit of -121*14454/(-126) +